17
Let p = 4 - -44. Let u = p - 30. Suppose 3*s - u = 3*d, 0*s - 24 = 5*d - 3*s. Let b(x) = x**3 + 4*x**2 + 4*x. What is b(d)?
-3
Let q(g) = 4*g**2 - 12*g - 12. Let r(i) = -22*i**2 + 57*i + 57. Let x(t) = 29*q(t) + 6*r(t). Determine x(-2).
-58
Let t(v) = 4*v**2 - 9*v - 2. Let x(a) = 3*a**2 - 245*a - 245. Let b be x(-1). Calculate t(b).
7
Suppose 3*t + 14 = 6*d - 52, 19 = 2*t + 5*d. Let x(p) = -p**3 - 8*p**2 - 3*p + 16. Give x(t).
40
Let r(u) = -8*u**3 + u - 5. Let j(n) = -39*n**3 - 11*n - 24. Let w(k) = j(k) - 5*r(k). Give w(4).
1
Suppose -3*h - 27 = -6. Let y(s) be the first derivative of -s**3/3 - 7*s**2/2 - 11*s - 625. Give y(h).
-11
Let a(z) = -12*z**3 + 5*z**2 - 56*z - 14. Let o(j) = -5*j**3 + 2*j**2 - 29*j - 7. Let t(d) = -3*a(d) + 7*o(d). Give t(-5).
18
Let l(s) be the first derivative of -s**5/40 - 2*s**4/3 - 58*s**3/3 + 78. Let m(y) be the third derivative of l(y). What is m(-5)?
-1
Let b(a) be the first derivative of -7/2*a**2 + a**3 + 1/4*a**4 + 0*a + 7. Suppose 34*n - 25 = 39*n. Determine b(n).
-15
Let r(d) = 7 - d**2 + 5 - 145*d + 2*d**2 + 149*d - 24. Determine r(-7).
9
Let g(v) = 52*v**2 + 7*v + 6. Let x be g(-1). Let u(i) = 18 - 22 + 39*i - x*i. What is u(3)?
-40
Let p(g) = -g**2 + 2*g - 1. Let c = 50 - 42. Suppose 0 = 5*d - d - c. Let m be ((-11)/(55/30))/d. Calculate p(m).
-16
Let q(o) be the first derivative of -o**4/4 + 16*o**3/3 + 8*o**2 + 19*o + 68. Let j be q(17). Let m(x) = 4*x**2 - 2*x + 1. Calculate m(j).
13
Let n(a) = -10*a - 22. Let w(h) = -h + 5. Let q(j) = -n(j) - w(j). Give q(6).
83
Let j be (1/1)/((-3)/(-6)*-2). Let q(o) = 46*o - 5. Let c(r) = 851*r - 92. Let i(t) = 5*c(t) - 92*q(t). What is i(j)?
-23
Let n(c) = 5*c**3 + 46*c**2 + 47*c + 13. Let k(v) = -v**3 - 9*v**2 - 9*v - 3. Let s = 186 - 188. Let m(t) = s*n(t) - 11*k(t). Determine m(-6).
13
Let l(t) = t**3 + 4*t**2 - 4*t - 10. Suppose 80*q = 85*q + 20. Let f be l(q). Let g(j) = 7*j**2 + 11 - f*j**2 - 12*j - 7. Calculate g(12).
4
Let p(q) = 4*q**3 - q**2 - 4*q + 1. Suppose 273*m - 73*m = 400. Calculate p(m).
21
Let o = 1340 + -1327. Let i(x) = x**3 - 14*x**2 + 9*x - 12. Determine i(o).
-64
Let r(t) = 9*t + 7. Let l(o) = 169*o - 3042. Let p be l(18). Determine r(p).
7
Let u(b) = 4 - 8*b**2 + 8*b**3 - b + 0 - 7*b**3. Let z(q) = -2*q**2 + 1. Let j(o) = -u(o) + 6*z(o). What is j(-4)?
-2
Let o(v) = v**3 + 5*v**2 - 6*v - 8. Suppose -9 = -48*s - 303 + 6. What is o(s)?
-8
Let x(c) = -c**2 - 3 - 73*c + 71*c - 1 + 0. Calculate x(0).
-4
Let w(b) = b + 19. Let x(g) = -24*g + 1690. Let n be x(71). Give w(n).
5
Let t = 27052 - 27014. Let s(y) be the first derivative of 3/2*y**2 + y + t. What is s(1)?
4
Suppose 3*s + 5*s - 56 = 0. Suppose k - s + 1 = 0. Let o(i) = -i**3 - 8*i + 0*i**3 - k*i**2 + 14 - 19. Give o(-5).
10
Let x(b) be the second derivative of b**6/120 - b**5/15 - b**4/4 + b**3/3 - 155*b**2/2 - b - 72. Let f(u) be the first derivative of x(u). Give f(4).
-22
Let r(t) = 173 - 74 + t + 650653*t**2 - 650655*t**2. Determine r(-7).
-6
Let a(b) be the third derivative of 7*b**5/120 + b**4/24 - 28*b**3/3 + 2*b**2. Let r(s) be the first derivative of a(s). Calculate r(-5).
-34
Let y(w) be the first derivative of -w**4/4 + w**3 + w**2/2 + w - 11. Let k be (3*2/3)/(4/(-18)). Let d be (9/(-6))/(k/24). Calculate y(d).
-11
Let q(i) = 19*i**2 - 2. Let j(n) be the second derivative of 4*n**4/3 + n**3/6 - n**2 + 2*n - 71. Let s(p) = -6*j(p) + 5*q(p). Give s(-6).
2
Let p be 2 - (360/(-18) - 2*-3). Suppose 12*s - p = 8. Let q(j) = 3*j**2 + 1 - 1 - j**3 - j. Give q(s).
2
Let p(b) = b**3 - 1 + 5 + 2 - 5*b**2 - b. Let w(d) = d**3 + 27*d**2 + 171*d - 50. Let v be w(-11). Calculate p(v).
1
Let u be ((-57)/(-76))/(1/4). Let a be (-720)/(-540) + 1*(-13)/u. Let x(d) = d**2 - 2*d + 4. Determine x(a).
19
Let y(s) = s**3 + 16*s**2 + 18*s + 25. Let a(k) = -k**2 + 5*k + 69. Let d be a(-7). Determine y(d).
-20
Let l = -3595 - -3592. Let o(q) = q**3 - 5*q. Give o(l).
-12
Let t(z) = -4*z**2 + z - 4. Let v(d) = d**2 + 1. Let h(x) = t(x) + 2*v(x). Let m(k) = k**3 - 8*k**2 + 11*k + 4. Let b be m(6). Give h(b).
-12
Let g(t) = t - 7. Let m be 0*(-3 + 7)/4. Suppose 2*v = -p + 1 - 14, -4*p + v - 25 = m. Determine g(p).
-14
Suppose 4*x + 5*n = 9, 0 = 3*x - 19*n + 23*n - 6. Let l = 50 + -25. Let u(t) = -x*t - 10*t**2 - 16*t**2 + l*t**2 + 3. Determine u(-7).
-4
Let c = -3393 + 3397. Let u(m) be the third derivative of -1/20*m**5 + 0*m + 0*m**c - 14*m**2 - 1/3*m**3 + 0. What is u(-2)?
-14
Let u(s) be the second derivative of -s**4/4 + 5*s**3/6 - 2*s**2 + s. Suppose -549*k - 155*k + 2112 = 0. What is u(k)?
-16
Let y(j) be the third derivative of 0*j + 1/12*j**4 + 156*j**2 - 11/6*j**3 + 0. Calculate y(0).
-11
Let n(v) = -3 - v + 3 - 1 + 3 - 13. Suppose -9 - 35 = 4*u. What is n(u)?
0
Let l(f) be the third derivative of -f**6/120 - 3*f**5/20 - f**4/24 + f**3/3 - 1086*f**2. What is l(-9)?
11
Let q(h) be the second derivative of 3*h**3/2 + 17*h**2/2 - 675*h + 3. Give q(-2).
-1
Suppose 3*b = 4*s - 69, 0 = b + 5*s + 21 + 21. Let y(c) = -22*c**2 + c - 1. Let a be y(1). Let z = b - a. Let t(f) = f**3 + 5*f**2 + 2*f + 4. What is t(z)?
-6
Let d = 2200 + -2213. Let p(o) = o**2 + 17*o + 55. Calculate p(d).
3
Let n(z) = 1202*z - 391*z - 5*z**2 - 2*z**3 - 5 - 402*z - 400*z. Calculate n(-4).
7
Let i(z) = 5*z + 45. Let d be i(-10). Let m(y) = -22*y + 27. Let h(a) = 35*a - 40. Let t(u) = d*h(u) - 8*m(u). Calculate t(8).
-8
Let n(o) = -7*o**2 - 7*o + 16. Let u(g) = -60*g**2 + 11*g - 24 + 130*g**2 - 59*g**2. Let t(j) = -8*n(j) - 5*u(j). What is t(0)?
-8
Let q = -2 + -2. Let a(m) = 2*m + 1. Let j(w) be the second derivative of -w**3/6 + w**2/2 - 3*w - 1. Let x(u) = -2*a(u) - 2*j(u). Calculate x(q).
4
Let l(i) = 8*i**2 - 8*i**3 - 10*i - i**3 + 12*i**3 - 6 + 4*i**3 - 6*i**3. Give l(-9).
3
Let m = 282 + -271. Suppose -4*z - 23 = -n, 2*z - 2*n = z - m. Let l(y) = y**2 + 3*y - 12. What is l(z)?
-2
Let b = 1134212 - 1134208. Let f(a) be the first derivative of -a**3/3 + a**2 - 1. Calculate f(b).
-8
Suppose 16*h = 18*h + 60. Let i be (-4)/10 + (-72)/h. Let l(r) = 8*r + 4*r + r**i + 7*r + 15*r**3 - 18*r. What is l(-1)?
-15
Let z(c) = 4*c**2 + 4*c - 5. Let a(v) = 8*v**2 + 9*v - 13. Let h(k) = 4*a(k) - 9*z(k). Give h(-3).
-43
Let n(u) be the third derivative of -5*u**4/24 + 11*u**3/6 - 3*u**2 - u - 104. What is n(3)?
-4
Let x be 8/(4*(-2)/420*3). Let c be 10/(-4)*(-448)/x. Let h(b) = -b + 5. What is h(c)?
13
Let y(h) = -h**2 + 9*h + 6. Let d(v) = 11*v + 103. Let a be d(-9). Suppose -m + 0*m = -b - 10, 0 = -a*m + 2*b + 38. Give y(m).
6
Let x(i) = -i - 3. Let w be x(-9). Let b(k) = 5*k**2 - 2*k**3 - 4 - 97*k + 194*k + k**3 - 88*k. Determine b(w).
14
Let t(o) = 2362*o**2 + 2377*o**2 - 10*o - 4737*o**2 - 75. What is t(9)?
-3
Let v = -24 + 41. Let x = 11 - v. Let q(o) be the second derivative of o**4/12 + 3*o**3/2 + 4*o**2 - 136*o - 12. Give q(x).
-10
Let g(r) = 10*r**2 - 64*r + 54*r - 10 + 17 - r**3 + 3. Give g(9).
1
Let z(x) = -5*x**2 - 9*x - 24. Let j(n) = 6*n**2 + 12*n + 27. Let m(k) = 6*j(k) + 7*z(k). Determine m(-9).
-6
Let p(z) = 14*z**2 - 13*z + 41. Let j(l) = 2*l**2 + 2*l + 7. Let k(h) = -6*j(h) + p(h). Determine k(13).
12
Let n(q) = 5*q**3 + 3*q + 2. Let m(c) = 5*c**2 - 36*c + 5. Let h be m(7). Let v(y) = 2*y**3 + y + 1. Let k(w) = h*v(w) + n(w). What is k(-1)?
-2
Suppose -v + 4*v - 18 = 0. Let d(m) = 2*m**3 - 4*m**2 + m + 2. Let a(s) = 1 - 2*s**2 - 6650*s + 6650*s - s**3. Let f(w) = -a(w) - d(w). What is f(v)?
-9
Let l(z) = -z**3 + 2*z**2 + z - 1. Let d be 1 + (1/(-3))/(47/(-141)). Give l(d).
1
Let w(r) = -r**3 - 11*r**2 - 8*r + 2. Let t = -84 + -207. Let k = 281 + t. Calculate w(k).
-18
Suppose 0 = -7*r + 8*r + 5*n + 5, -4*r - 5*n + 25 = 0. Suppose -7*l + 29 = -34. Let k(o) = r*o + l*o**2 - 20*o**2 + 10*o**2 + 7. Give k(10).
7
Let z(d) be the third derivative of 1/8*d**4 + 1/120*d**5 + 0 + 7*d**3 + 0*d - 25*d**2. Let u(y) be the first derivative of z(y). Determine u(-5).
-2
Let y(t) = 5*t + 40 + 12*t + 5*t + 8 + 11*t**2 + t**3. Determine y(-9).
12
Let g(a) be the third derivative of a**6/60 - 31*a**5/60 - 19*a**4/24 + 26*a**3/3 - 780*a**2. Give g(16).
4
Let j(n) = 5 - 20*n**2 + 13*n**2 + 9*n**2 - 4*n. Let s be j(1). Let a(y) = -3*y**2 - 2*y + 4. Give a(s).
-29
Let y(p) be the second derivative of -p**5/60 - p**4/4 - p**3 - 30*